git of 7643?
6
What is the ten thousands digit of 13043?
1
What is the tens digit of 1364?
6
What is the units digit of 417?
7
What is the units digit of 70064?
4
What is the units digit of 71317?
7
What is the tens digit of 7090?
9
What is the tens digit of 57?
5
What is the hundreds digit of 96082?
0
What is the tens digit of 12799?
9
What is the tens digit of 2200?
0
What is the units digit of 150913?
3
What is the tens digit of 41765?
6
What is the thousands digit of 44286?
4
What is the units digit of 22772?
2
What is the tens digit of 3881?
8
What is the hundreds digit of 2992?
9
What is the hundreds digit of 13682?
6
What is the hundreds digit of 480?
4
What is the tens digit of 61?
6
What is the units digit of 5911?
1
What is the tens digit of 55283?
8
What is the units digit of 1862?
2
What is the units digit of 870?
0
What is the tens digit of 22585?
8
What is the tens digit of 3840?
4
What is the tens digit of 1237?
3
What is the units digit of 18939?
9
What is the thousands digit of 79877?
9
What is the thousands digit of 39011?
9
What is the tens digit of 1503?
0
What is the hundred thousands digit of 105957?
1
What is the tens digit of 203?
0
What is the units digit of 24580?
0
What is the tens digit of 376?
7
What is the hundreds digit of 212?
2
What is the units digit of 53748?
8
What is the tens digit of 9601?
0
What is the ten thousands digit of 11839?
1
What is the units digit of 929?
9
What is the thousands digit of 33108?
3
What is the ten thousands digit of 28537?
2
What is the tens digit of 1394?
9
What is the hundreds digit of 42500?
5
What is the ten thousands digit of 69473?
6
What is the hundreds digit of 2694?
6
What is the tens digit of 1539?
3
What is the thousands digit of 111555?
1
What is the thousands digit of 2020?
2
What is the units digit of 905?
5
What is the hundred thousands digit of 108030?
1
What is the thousands digit of 20284?
0
What is the hundreds digit of 6563?
5
What is the tens digit of 482?
8
What is the units digit of 3756?
6
What is the hundreds digit of 139162?
1
What is the thousands digit of 23841?
3
What is the thousands digit of 51221?
1
What is the ten thousands digit of 37111?
3
What is the units digit of 1?
1
What is the units digit of 5507?
7
What is the units digit of 188?
8
What is the units digit of 2294?
4
What is the tens digit of 302?
0
What is the hundreds digit of 333?
3
What is the tens digit of 5766?
6
What is the tens digit of 16435?
3
What is the hundreds digit of 38137?
1
What is the hundreds digit of 419?
4
What is the tens digit of 85566?
6
What is the thousands digit of 12646?
2
What is the units digit of 7?
7
What is the units digit of 113218?
8
What is the ten thousands digit of 24268?
2
What is the hundreds digit of 365?
3
What is the units digit of 43318?
8
What is the units digit of 689?
9
What is the tens digit of 13241?
4
What is the thousands digit of 5335?
5
What is the hundreds digit of 1948?
9
What is the thousands digit of 3341?
3
What is the ten thousands digit of 43319?
4
What is the tens digit of 9605?
0
What is the units digit of 1749?
9
What is the units digit of 28343?
3
What is the hundreds digit of 33468?
4
What is the tens digit of 37?
3
What is the tens digit of 17131?
3
What is the units digit of 934?
4
What is the units digit of 7335?
5
What is the units digit of 6984?
4
What is the hundreds digit of 55372?
3
What is the units digit of 30996?
6
What is the tens digit of 710?
1
What is the hundreds digit of 51177?
1
What is the units digit of 3046?
6
What is the thousands digit of 9626?
9
What is the tens digit of 73039?
3
What is the tens digit of 749?
4
What is the hundreds digit of 182067?
0
What is the thousands digit of 45517?
5
What is the hundreds digit of 72558?
5
What is the thousands digit of 20910?
0
What is the thousands digit of 1625?
1
What is the tens digit of 966?
6
What is the units digit of 531?
1
What is the hundreds digit of 58478?
4
What is the units digit of 226?
6
What is the units digit of 2969?
9
What is the tens digit of 23802?
0
What is the hundreds digit of 6910?
9
What is the hundreds digit of 5749?
7
What is the hundreds digit of 4575?
5
What is the hundreds digit of 11641?
6
What is the ten thousands digit of 69336?
6
What is the thousands digit of 1956?
1
What is the tens digit of 4172?
7
What is the thousands digit of 3042?
3
What is the tens digit of 368?
6
What is the units digit of 42832?
2
What is the hundreds digit of 407?
4
What is the tens digit of 2321?
2
What is the ten thousands digit of 33053?
3
What is the hundreds digit of 49111?
1
What is the units digit of 168883?
3
What is the units digit of 532?
2
What is the thousands digit of 2716?
2
What is the units digit of 35754?
4
What is the hundreds digit of 8049?
0
What is the thousands digit of 4693?
4
What is the units digit of 8400?
0
What is the hundreds digit of 1064?
0
What is the tens digit of 5904?
0
What is the hundreds digit of 246?
2
What is the thousands digit of 12698?
2
What is the tens digit of 22128?
2
What is the units digit of 2932?
2
What is the units digit of 8955?
5
What is the thousands digit of 3228?
3
What is the tens digit of 1187?
8
What is the thousands digit of 15096?
5
What is the ten thousands digit of 55873?
5
What is the tens digit of 2094?
9
What is the ten thousands digit of 50737?
5
What is the ten thousands digit of 16993?
1
What is the tens digit of 552?
5
What is the tens digit of 2633?
3
What is the thousands digit of 19549?
9
What is the thousands digit of 5933?
5
What is the units digit of 2439?
9
What is the tens digit of 509?
0
What is the tens digit of 23213?
1
What is the units digit of 2511?
1
What is the tens digit of 9583?
8
What is the tens digit of 67169?
6
What is the hundreds digit of 1614?
6
What is the hundreds digit of 286?
2
What is the tens digit of 4250?
5
What is the tens digit of 7810?
1
What is the units digit of 228?
8
What is the tens digit of 46809?
0
What is the tens digit of 38942?
4
What is the tens digit of 3591?
9
What is the units digit of 4827?
7
What is the tens digit of 5873?
7
What is the tens digit of 1335?
3
What is the units digit of 34901?
1
What is the units digit of 15?
5
What is the thousands digit of 11456?
1
What is the thousands digit of 14953?
4
What is the thousands digit of 8079?
8
What is the tens digit of 9550?
5
What is the thousands digit of 14197?
4
What is the hundreds digit of 3334?
3
What is the thousands digit of 39142?
9
What is the tens digit of 40166?
6
What is the tens digit of 52861?
6
What is the thousands digit of 2277?
2
What is the hundreds digit of 1443?
4
What is the hundreds digit of 43233?
2
What is the ten thousands digit of 120461?
2
What is the thousands digit of 18863?
8
What is the units digit of 8525?
5
What is the thousands digit of 3192?
3
What is the tens digit of 86727?
2
What is the thousands digit of 34710?
4
What is the tens digit of 856?
5
What is the ten thousands digit of 20720?
2
What is the hundreds digit of 2083?
0
What is the tens digit of 10448?
4
What is the units digit of 3330?
0
What is the ten thousands digit of 164249?
6
What is the ten thousands digit of 122606?
2
What is the units digit of 125359?
9
What is the hundreds digit of 1687?
6
What is the units digit of 827?
7
What is the thousands digit of 1485?
1
What is the hundreds digit of 138975?
9
What is the tens digit of 3211?
1
What is the tens digit of 25695?
9
What is the units digit of 5619?
9
What is the ten thousands digit of 71859?
7
What is the tens digit of 2482?
8
What is the tens digit of 1433?
3
What is the hundreds digit of 8706?
7
What is the ten thousands digit of 49750?
4
What is the tens digit of 1438?
3
What is the units digit of 157838?
8
What is the hundreds digit of 8449?
4
What is the units digit of 27?
7
What is the thousands digit of 21581?
1
What is the units digit of 4110?
0
What is the hundreds digit of 1724?
7
What is the hundreds digit of 41255?
2
What is the hundreds digit of 16052?
0
What is the tens digit of 277?
7
What is the ten thousands digit of 48398?
4
What is the units digit of 5299?
9
What is the tens digit of 1628?
2
What is the tens digit of 38465?
6
What is the units digit of 35266?
6
What is the ten thousands digit of 